- 1 = i. Suppose 12 - 8 = i*w. Let x(v) = w + 63*v - 60*v - 2. What is x(1)?
2
Suppose -12*o + 15*o - 2*w = -90, -4*o - 123 = -3*w. Let l(g) = -4*g - 106. Determine l(o).
-10
Let z(q) be the second derivative of q**5/20 - q**4/6 - q**3/3 + 5*q**2/2 - 12*q. Let l be z(3). Let x(b) = 9*b - b**2 + 2 - l*b - 1 + 5*b. Calculate x(7).
-6
Let w(b) be the third derivative of 5*b**4/12 + 11*b**3/3 - 107*b**2 + b. Calculate w(-4).
-18
Let c(d) = d**2 - 13*d + 23. Let x be c(10). Let w(s) = 4*s - 52. Let k(y) = y - 12. Let p(b) = 9*k(b) - 2*w(b). Calculate p(x).
-11
Suppose -2*u = 14 + 14. Let n be (10/(-8))/(u/56). Let j be n - 7 - (1 - 4). Let p(c) = -8*c**3 + c**2 + c - 1. Calculate p(j).
-7
Let x(i) be the third derivative of 206*i**2 + 0 + 1/24*i**4 + 1/3*i**3 + 0*i. Calculate x(-3).
-1
Let l(b) = -b**2 + 6*b + 5. Let w be l(8). Let p(o) be the third derivative of o**5/60 + 11*o**4/24 - 2*o**3/3 - 2*o**2 - 1132*o. Give p(w).
-4
Let t(j) = -6*j**3 - 4*j**2 - 6*j + 1. Let d(w) = 31*w**3 + 27*w**2 + 28*w - 6. Let u(b) = 2*d(b) + 11*t(b). Calculate u(1).
-5
Let s(h) = 27118060 - 84*h - 27117990 - h**3 - 70*h**2 + 16*h. What is s(-69)?
1
Let m be 6/7 - (-690)/(-805). Let p(h) = -5*h + 18. Give p(m).
18
Let o(k) = -k**3 + 2*k**2 + 7*k + 2. Let a be o(-2). Suppose -26*y = a*y - 210. Let t(m) = -m**2 + 8*m + 5. What is t(y)?
12
Let b(w) = -56111*w + 3*w**2 - 22 - 56102*w + 112232*w. Calculate b(-7).
-8
Let h(n) be the second derivative of n**5/20 - n**4/12 - n**2 - 228459*n. Let x be 1*(1 + -2)*-2. Calculate h(x).
2
Let j(h) = 22*h**3 - 5*h**2 + 2*h + 13. Let d(i) = 47*i**3 - 11*i**2 + 4*i + 25. Let v(g) = 7*d(g) - 15*j(g). Calculate v(0).
-20
Suppose 16 = -4*s + s - r, -4*s + 2*r = 38. Let x = -519 - -529. Let l(i) = -i**3 + 267 - 8*i**2 + 274 - 544 - x*i. What is l(s)?
18
Suppose -3*k - 2 = -17. Let m = -7364 - -7369. Let a(y) = -m + k*y - 174*y**3 - y**2 - 4*y**2 + 175*y**3. Calculate a(5).
20
Let c(j) = -4*j - 3*j - j - 3 - 9*j**2. Let d(g) = 4*g**2 + 4*g + 1. Let v(l) = -3*c(l) - 7*d(l). Let s be (1*-1)/(3/12). What is v(s)?
2
Suppose -l = -4*l + 3. Let v(n) be the second derivative of -n**5/10 - n**4/12 + n**2/2 + 10212*n + 1. Give v(l).
-2
Let r(o) be the first derivative of -1/3*o**3 + 8*o - 190 - 7*o**2. What is r(-15)?
-7
Let m be 31556/(-931) + (36/57)/(-6). Let v(i) = -i**2 - 32*i + 101. Calculate v(m).
33
Let d(h) = 40*h - 2434. Let g be d(61). Let o(j) = 6*j - 11. What is o(g)?
25
Let s(u) = -u**3 - 7*u**2. Let z be s(-7). Suppose w + 7*w - 408 = z. Let m = w - 46. Let l(o) = -2*o - 1. Give l(m).
-11
Let o(x) = x**3 - 22522 + 43*x - 27*x + 14*x**2 + 22551. Calculate o(-13).
-10
Let y(u) = u**3 + 4*u**2 - 2*u - 4. Suppose -73*l + 52*l = -10185. Suppose l*d - 481*d + 16 = 0. Determine y(d).
4
Let v(t) = t**3 - 6*t**2 - 7*t + 19. Suppose 0 = 6*u - 6, 21*w - 5*u = 26*w - 40. Give v(w).
19
Suppose -13 = 3*p + 5. Suppose 0*u + 5*u = -5. Let o(h) = 11*h**3 - 5*h + 10. Let c(q) = -2*q**3 - q**2 + q - 1. Let x(d) = u*o(d) - 6*c(d). What is x(p)?
2
Let g(l) = -l - 4. Let o(n) = n**2 - 82*n - 629. Let w be o(-7). Give g(w).
2
Let o(z) = 8*z**3 - 4*z - 4. Let r(q) = q**3 - 39*q**2 + 110*q - 63. Let b be r(36). Suppose -5*c = -p + 9, 5 = -3*p + b*c - 10*c. What is o(p)?
-8
Let g(l) be the third derivative of -l**6/120 - l**5/30 + 7*l**4/24 + 4*l**3/3 + 221*l**2 - l. Determine g(-3).
-4
Let j(d) = -d + 14. Let i = 199 - 187. Suppose 2*q = -0*q + i. Determine j(q).
8
Suppose w = 5*o + 12, -4*w + 35 + 13 = 5*o. Let h be (w/(-9))/((-4)/3). Let a(s) be the second derivative of s**3/3 + 129*s + 1. Give a(h).
2
Let s(k) = k**3 + 4*k**2 + 3*k - 4. Let q be s(-3). Let a(t) be the second derivative of 6*t + 3 + t**2 + 1/3*t**3 + 1/12*t**4. What is a(q)?
10
Let y(c) = -2*c**2 + 11*c - 20. Let s be (-1*1 - 0/1)*(149 + -152). Give y(s).
-5
Let c(d) = 5*d**2 + 125*d - 5. Suppose -y - 667*o + 670*o - 43 = 0, -5*o + 30 = 0. Determine c(y).
-5
Suppose 6 = 2*x - 2*m - 4, 4*m = 2*x - 12. Suppose 0 = -x*r - 154 + 134. Let w(o) = 2*o + 2. Give w(r).
-8
Let t(q) be the second derivative of -42 + 1/2*q**2 + 4*q + 0*q**3 - 11/3*q**4. Determine t(1).
-43
Let b = 550 + -544. Let f be 24/(-36) + ((-68)/b - -3). Let q(j) = -j**2 - 9*j + 12. Give q(f).
12
Let w(n) = 113*n**2 - 227*n. Let m be w(2). Let g(r) = -2*r - 2. Calculate g(m).
2
Let q(z) = -2*z**2 + 40*z + 2. Let s(l) = -3*l**2 + 57*l + 3. Let y(p) = 10*q(p) - 7*s(p). Let b(d) = 2*d + 14. Let j be b(-7). Give y(j).
-1
Suppose -68*i - 3 = -63*i + 2*v, 0 = -4*i - 3*v + 6. Let j(q) = -q**3 + q + 9. What is j(i)?
33
Let n(k) = -14*k**2 - 12*k - 6. Let h = -62 - -68. Let c(r) = -12*r**2 - 10*r - 5. Let s(z) = h*c(z) - 5*n(z). What is s(-2)?
-8
Let l(h) = 6*h - 3. Suppose 0 = q + x - 27 - 13, 3*q = 4*x + 85. Suppose -3*f + q = 29. What is l(f)?
9
Let r(m) be the first derivative of 69*m**2/2 - 12*m + 7830. What is r(-2)?
-150
Let b(h) = -6*h**2 - 2*h**2 + 9*h**2 + 38*h - 3*h**2 - 82 + h**2. Let s be b(36). Let w(k) = k + 13. Give w(s).
3
Let j = -5 - 3. Suppose 5*f - 22 = -3*r, 2*f = -f + 6. Let y(a) = -3 + 60*a - 31*a - 32*a - r. Determine y(j).
17
Let n(r) = -3*r + r**3 - 4*r**2 + 4*r**2 - 4*r**2 - 6. Let b be (-138)/(-161)*(2 - 40/6). Let t(o) = -5*o - 15. Let k be t(b). Give n(k).
4
Let y(x) = -x**2 + 38*x - 187. Let c be y(6). Let o(l) = -l**3 + 3*l**2 - l + 16. What is o(c)?
-39
Let a be ((-4)/5)/(3 - (-32)/(-10)). Suppose a = 11*c - 18. Let n(b) = -b**2 + 1. Let s(m) = -m**2 - 2*m + 5. Let l(q) = 6*n(q) - s(q). Calculate l(c).
-15
Let y(q) = 3*q**2. Let b(r) = -r - 1. Let o(h) = -h - 14. Let u(v) = 2*b(v) + o(v). Let t be u(-5). Let m be (-3)/(-3)*-1*t. What is y(m)?
3
Let o(u) = 68*u - 24. Let i(y) = -102*y + 36. Let q(d) = -5*i(d) - 8*o(d). Let g be q(-2). Let k(x) = 4*x + 31 - g + 24 + 26. Determine k(4).
17
Let g(y) = -2*y**2 + 6*y + 37. Let j be g(6). Let b(p) be the first derivative of -13*p**3 - p - 62. Calculate b(j).
-40
Let l(x) = x**2 + 8*x + 13. Suppose 162*i + 45 = 157*i. Calculate l(i).
22
Let y = 122 - 108. Let a be ((-40)/(-7))/4*y. Let o = 22 - a. Let j(f) = -f**3 + 2*f**2 + 2. Determine j(o).
2
Suppose 86*z + 24*z = 0. Let j(q) = 4*q**3 - 3*q - 3*q**3 + 4*q - 11. Determine j(z).
-11
Suppose -4*k = 3*f - 22, -4*f + 6 = -k + f. Let g(p) = -2 + 8*p + 0*p - 7*p + k. Give g(2).
4
Let x be 6/10 + 6258/(-30). Let o = x + 210. Let t(m) be the second derivative of -2*m**3/3 + m**2 + 2*m. Determine t(o).
-6
Let g be 28/(-49) + 1124/7. Suppose -g = 15*i + 17*i. Let x(a) = 1 + 5*a - 7 + 1 - a**3 - 4*a**2. Calculate x(i).
-5
Let i(d) = -2*d + 26. Suppose -7*g + 25 = -4*g + 5*y, -21 = -5*g + 2*y. What is i(g)?
16
Let w(u) = -28*u**3 + 17*u**2 + 20*u + 3. Let g be w(-1). Let q(m) = m**3 - 28*m**2 + m - 26. Determine q(g).
2
Let a = 73 + -68. Suppose 3*x + 2*x + a*f + 5 = 0, -3*f + 15 = -3*x. Let k(y) = 8*y. Calculate k(x).
-24
Let w(g) = g + 5. Let m be w(-6). Let o(q) be the second derivative of 3*q**4/4 - q**3/6 - 107*q - 2. Calculate o(m).
10
Let j(l) = l - 6. Suppose -3*d = 13*g - 17*g - 2454, 0 = -g - d - 617. Let o = -609 - g. Give j(o).
0
Let f(d) = -10*d + 26. Let w(a) = -27*a + 76. Let i(t) = -8*f(t) + 3*w(t). Calculate i(2).
18
Let q(m) be the second derivative of -m**5/2 + m**3/6 + m**2/2 - 9734*m. Let p = 1 + -2. Give q(p).
10
Let q(k) be the third derivative of -8*k - 1/60*k**5 + 2*k**2 + 1/12*k**4 + 0 + 1/6*k**3. Give q(2).
1
Let z(f) = 7*f**3 + 5*f**2 + 5*f + 12. Let n(a) = -3*a**3 - 2*a**2 - 3*a - 6. Let b(u) = -9*n(u) - 4*z(u). Let q be (-225)/450 + 0 + (-7)/2. Calculate b(q).
10
Suppose -3*h = -4*r - 225, -3*r - 211 = -4*h + 96. Let x = h + -72. Let u(v) be the first derivative of -v**4/4 + 7*v**3/3 - v**2/2 + 6*v - 8. Calculate u(x).
-1
Let s(r) = -6*r - 192 - 8*r + 459 - 191. What is s(5)?
6
Let m(i) be the second derivative of -1/20*i**5 + 0 - 5*i**2 + 533*i - i**3 + 3/4*i**4. Let n be (-4 - -1)*(-16)/6. Calculate m(n).
6
Suppose 6*l + 6 - 30 = 0. Let z(n) be the first derivative of -5*n**2/2 + 5*n + 27. Determine z(l).
-15
Let b(h) be the second derivative of -h**5/20 + h**3/2 - 14*h. Let p be (-13 - -7)/(1/(-9)). Suppose -5*f - p = -69. Calculate b(f).
-18
Let i(r) = 6*r + 1. Let j(y) = -3*y**2 + 2*y - 10. Let v(a) = -2*a**2 + 2*a - 10. Let k(x) = -3*j(x) + 4*v(x). Let u be k(-7). Let b = 24 - u